{"id":67,"date":"2017-05-09T23:02:12","date_gmt":"2017-05-10T05:02:12","guid":{"rendered":"http:\/\/circulodepoesia.com\/encuentrodepoesia\/?page_id=67"},"modified":"2018-07-07T22:38:46","modified_gmt":"2018-07-08T04:38:46","slug":"quienes-somos","status":"publish","type":"page","link":"https:\/\/circulodepoesia.com\/encuentrodepoesia\/es\/quienes-somos\/","title":{"rendered":"Qui\u00e9nes somos"},"content":{"rendered":"<p>[et_pb_section fb_built=&#8221;1&#8243; admin_label=&#8221;Section&#8221; _builder_version=&#8221;3.9&#8243; background_image=&#8221;http:\/\/circulodepoesia.com\/encuentrodepoesia\/wp-content\/uploads\/2018\/07\/circulos_plaqueta_premio.jpg&#8221; parallax=&#8221;on&#8221; custom_padding=&#8221;70px|1px|31px|0px&#8221;][et_pb_row custom_padding=&#8221;57px|0px|77px|0px&#8221; admin_label=&#8221;Row&#8221; _builder_version=&#8221;3.0.48&#8243; background_size=&#8221;initial&#8221; background_position=&#8221;top_left&#8221; background_repeat=&#8221;repeat&#8221;][et_pb_column type=&#8221;4_4&#8243; _builder_version=&#8221;3.0.47&#8243; parallax=&#8221;off&#8221; parallax_method=&#8221;on&#8221;][et_pb_text admin_label=&#8221;Text&#8221; _builder_version=&#8221;3.0.74&#8243; background_size=&#8221;initial&#8221; background_position=&#8221;top_left&#8221; background_repeat=&#8221;repeat&#8221;]<\/p>\n<p style=\"text-align: center;\"><span style=\"color: #ffffff; font-size: xx-large;\"><strong>QUI\u00c9NES SOMOS<\/strong><\/span><\/p>\n<p>[\/et_pb_text][\/et_pb_column][\/et_pb_row][\/et_pb_section][et_pb_section fb_built=&#8221;1&#8243; disabled_on=&#8221;off||&#8221; admin_label=&#8221;Section&#8221; _builder_version=&#8221;3.0.47&#8243; background_image=&#8221;http:\/\/circulodepoesia.com\/encuentrodepoesia\/wp-content\/uploads\/2017\/05\/fondo_quienes-2.jpg&#8221; parallax=&#8221;on&#8221; custom_padding=&#8221;30px|0px|144px|0px&#8221;][et_pb_row custom_padding=&#8221;12px|0px|27px|0px&#8221; parallax_method_1=&#8221;off&#8221; parallax_method_2=&#8221;off&#8221; admin_label=&#8221;Row&#8221; _builder_version=&#8221;3.0.48&#8243; parallax=&#8221;on&#8221;][et_pb_column type=&#8221;1_3&#8243; _builder_version=&#8221;3.0.47&#8243; parallax=&#8221;off&#8221; parallax_method=&#8221;off&#8221;][\/et_pb_column][et_pb_column type=&#8221;2_3&#8243; _builder_version=&#8221;3.0.47&#8243; parallax=&#8221;off&#8221; parallax_method=&#8221;off&#8221;][et_pb_text admin_label=&#8221;Text&#8221; _builder_version=&#8221;3.0.87&#8243; background_size=&#8221;initial&#8221; background_position=&#8221;top_left&#8221; background_repeat=&#8221;repeat&#8221; use_border_color=&#8221;off&#8221; border_color=&#8221;#ffffff&#8221; border_style=&#8221;solid&#8221;]<span style=\"font-size: large;\"><span style=\"color: #000092;\"><a style=\"color: #000092;\" href=\"http:\/\/www.circulodepoesia.com\/\"><strong>C\u00edrculo de Poes\u00eda. Revista electr\u00f3nica<\/strong><\/a><\/span> de literatura, la publicaci\u00f3n especializada con mayor alcance en el mundo hisp\u00e1nico, y la editorial <span style=\"color: #000092;\"><a style=\"color: #000092;\" href=\"http:\/\/valparaisoediciones.mx\/\"><strong>Valpara\u00edso M\u00e9xico<\/strong><\/a>,\u00a0<\/span>organizan anualmente, desde 2014, el <strong>Encuentro Internacional de Poes\u00eda Ciudad de M\u00e9xico (Mexico City Poetry Festival)<\/strong>, que re\u00fane a algunos de los poetas y estudiosos de la poes\u00eda m\u00e1s prestigiosos y con mayor proyecci\u00f3n de los cinco continentes.<\/span><\/p>\n<p><span style=\"font-size: large;\">En 1490, como respuesta a la masacre de ochenta mil sacrificados en la inauguraci\u00f3n del Templo Mayor de Tenochtitlan acontecida tres a\u00f1os antes, el pr\u00edncipe y poeta Tecayehuatzin, se\u00f1or de Huexotzinco, convoc\u00f3 al primer encuentro de poetas en Am\u00e9rica: la reuni\u00f3n de los\u00a0<\/span><em style=\"background-color: #ffffff; font-size: large;\">tlamatinime<\/em><span style=\"font-size: large;\">\u00a0o sabios del mundo n\u00e1huatl. El motivo del encuentro era dar respuesta a la pregunta \u00bf<em>qu\u00e9 es lo verdaderamente importante en la vida del hombre sobre la tierra?<\/em> \u00a0Acudieron los poetas desde todos los puntos del An\u00e1huac o mundo conocido. Reunidos ah\u00ed, bajo los ahuehuetes, y despu\u00e9s de haber fumado tabaco bizarro y bebido de la flor del cacao, instalados en c\u00f3modas esteras, iniciaron el di\u00e1logo.<\/span><\/p>\n<p><span style=\"font-size: large;\">Concluyeron que por encima de los placeres, de las riquezas y del poder,\u00a0las flores y los cantos, es decir, la poes\u00eda, es lo \u00fanico que realmente logra trascender la existencia. La poes\u00eda como el bien m\u00e1s preciado; la poes\u00eda como escudo para resistir la violencia y la muerte.<\/span><\/p>\n<p><span style=\"font-size: large;\">As\u00ed como Tecayehuatzin, Se\u00f1or de Huejotzingo, en 1490, reuni\u00f3 a los <em>tlamanitime<\/em>, a los poetas y sabios del mundo n\u00e1huatl, para definir la presencia del hombre sobre la tierra, hoy, para hacer frente al tiempo de pobreza, incertidumbre, violencia y deshumanizaci\u00f3n que vivimos, proponemos una nueva manera de ser revolucionarios, un nuevo modo de organizar el pesimismo. Proponemos otra forma de protesta creativa, proponemos la militancia po\u00e9tica: leer poes\u00eda, escuchar poes\u00eda, escribir poes\u00eda.<\/span><br \/>\n[\/et_pb_text][\/et_pb_column][\/et_pb_row][\/et_pb_section]<\/p>\n","protected":false},"excerpt":{"rendered":"<p>QUI\u00c9NES SOMOS C\u00edrculo de Poes\u00eda. Revista electr\u00f3nica de literatura, la publicaci\u00f3n especializada con mayor alcance en el mundo hisp\u00e1nico, y la editorial Valpara\u00edso M\u00e9xico,\u00a0organizan anualmente, desde 2014, el Encuentro Internacional de Poes\u00eda Ciudad de M\u00e9xico (Mexico City Poetry Festival), que re\u00fane a algunos de los poetas y estudiosos de la poes\u00eda m\u00e1s prestigiosos y con [&hellip;]<\/p>\n","protected":false},"author":1,"featured_media":0,"parent":0,"menu_order":0,"comment_status":"closed","ping_status":"closed","template":"","meta":{"_et_pb_use_builder":"on","_et_pb_old_content":"","_et_gb_content_width":"","footnotes":""},"class_list":["post-67","page","type-page","status-publish","hentry"],"lang":"es","translations":{"es":67,"en":321},"pll_sync_post":[],"_links":{"self":[{"href":"https:\/\/circulodepoesia.com\/encuentrodepoesia\/wp-json\/wp\/v2\/pages\/67"}],"collection":[{"href":"https:\/\/circulodepoesia.com\/encuentrodepoesia\/wp-json\/wp\/v2\/pages"}],"about":[{"href":"https:\/\/circulodepoesia.com\/encuentrodepoesia\/wp-json\/wp\/v2\/types\/page"}],"author":[{"embeddable":true,"href":"https:\/\/circulodepoesia.com\/encuentrodepoesia\/wp-json\/wp\/v2\/users\/1"}],"replies":[{"embeddable":true,"href":"https:\/\/circulodepoesia.com\/encuentrodepoesia\/wp-json\/wp\/v2\/comments?post=67"}],"version-history":[{"count":27,"href":"https:\/\/circulodepoesia.com\/encuentrodepoesia\/wp-json\/wp\/v2\/pages\/67\/revisions"}],"predecessor-version":[{"id":861,"href":"https:\/\/circulodepoesia.com\/encuentrodepoesia\/wp-json\/wp\/v2\/pages\/67\/revisions\/861"}],"wp:attachment":[{"href":"https:\/\/circulodepoesia.com\/encuentrodepoesia\/wp-json\/wp\/v2\/media?parent=67"}],"curies":[{"name":"wp","href":"https:\/\/api.w.org\/{rel}","templated":true}]}}

Quiénes somos

<p>[et_pb_section fb_built=&#8221;1&#8243; admin_label=&#8221;Section&#8221; _builder_version=&#8221;3.9&#8243; background_image=&#8221;http://circulodepoesia.com/encuentrodepoesia/wp-content/uploads/2018/07/circulos_plaqueta_premio.jpg&#8221; parallax=&#8221;on&#8221; custom_padding=&#8221;70px|1px|31px|0px&#8221;][et_pb_row custom_padding=&#8221;57px|0px|77px|0px&#8221; admin_label=&#8221;Row&#8221; _builder_version=&#8221;3.0.48&#8243; background_size=&#8221;initial&#8221; background_position=&#8221;top_left&#8221; background_repeat=&#8221;repeat&#8221;][et_pb_column type=&#8221;4_4&#8243; _builder_version=&#8221;3.0.47&#8243; parallax=&#8221;off&#8221; parallax_method=&#8221;on&#8221;][et_pb_text admin_label=&#8221;Text&#8221; _builder_version=&#8221;3.0.74&#8243; background_size=&#8221;initial&#8221; background_position=&#8221;top_left&#8221; background_repeat=&#8221;repeat&#8221;]</p>
<p style="text-align: center;"><span style="color: #ffffff; font-size: xx-large;"><strong>QUIÉNES SOMOS</strong></span></p>
<p>[/et_pb_text][/et_pb_column][/et_pb_row][/et_pb_section][et_pb_section fb_built=&#8221;1&#8243; disabled_on=&#8221;off||&#8221; admin_label=&#8221;Section&#8221; _builder_version=&#8221;3.0.47&#8243; background_image=&#8221;http://circulodepoesia.com/encuentrodepoesia/wp-content/uploads/2017/05/fondo_quienes-2.jpg&#8221; parallax=&#8221;on&#8221; custom_padding=&#8221;30px|0px|144px|0px&#8221;][et_pb_row custom_padding=&#8221;12px|0px|27px|0px&#8221; parallax_method_1=&#8221;off&#8221; parallax_method_2=&#8221;off&#8221; admin_label=&#8221;Row&#8221; _builder_version=&#8221;3.0.48&#8243; parallax=&#8221;on&#8221;][et_pb_column type=&#8221;1_3&#8243; _builder_version=&#8221;3.0.47&#8243; parallax=&#8221;off&#8221; parallax_method=&#8221;off&#8221;][/et_pb_column][et_pb_column type=&#8221;2_3&#8243; _builder_version=&#8221;3.0.47&#8243; parallax=&#8221;off&#8221; parallax_method=&#8221;off&#8221;][et_pb_text admin_label=&#8221;Text&#8221; _builder_version=&#8221;3.0.87&#8243; background_size=&#8221;initial&#8221; background_position=&#8221;top_left&#8221; background_repeat=&#8221;repeat&#8221; use_border_color=&#8221;off&#8221; border_color=&#8221;#ffffff&#8221; border_style=&#8221;solid&#8221;]<span style="font-size: large;"><span style="color: #000092;"><a style="color: #000092;" href="http://www.circulodepoesia.com/"><strong>Círculo de Poesía. Revista electrónica</strong></a></span> de literatura, la publicación especializada con mayor alcance en el mundo hispánico, y la editorial <span style="color: #000092;"><a style="color: #000092;" href="http://valparaisoediciones.mx/"><strong>Valparaíso México</strong></a>, </span>organizan anualmente, desde 2014, el <strong>Encuentro Internacional de Poesía Ciudad de México (Mexico City Poetry Festival)</strong>, que reúne a algunos de los poetas y estudiosos de la poesía más prestigiosos y con mayor proyección de los cinco continentes.</span></p>
<p><span style="font-size: large;">En 1490, como respuesta a la masacre de ochenta mil sacrificados en la inauguración del Templo Mayor de Tenochtitlan acontecida tres años antes, el príncipe y poeta Tecayehuatzin, señor de Huexotzinco, convocó al primer encuentro de poetas en América: la reunión de los </span><em style="background-color: #ffffff; font-size: large;">tlamatinime</em><span style="font-size: large;"> o sabios del mundo náhuatl. El motivo del encuentro era dar respuesta a la pregunta ¿<em>qué es lo verdaderamente importante en la vida del hombre sobre la tierra?</em>  Acudieron los poetas desde todos los puntos del Anáhuac o mundo conocido. Reunidos ahí, bajo los ahuehuetes, y después de haber fumado tabaco bizarro y bebido de la flor del cacao, instalados en cómodas esteras, iniciaron el diálogo.</span></p>
<p><span style="font-size: large;">Concluyeron que por encima de los placeres, de las riquezas y del poder, las flores y los cantos, es decir, la poesía, es lo único que realmente logra trascender la existencia. La poesía como el bien más preciado; la poesía como escudo para resistir la violencia y la muerte.</span></p>
<p><span style="font-size: large;">Así como Tecayehuatzin, Señor de Huejotzingo, en 1490, reunió a los <em>tlamanitime</em>, a los poetas y sabios del mundo náhuatl, para definir la presencia del hombre sobre la tierra, hoy, para hacer frente al tiempo de pobreza, incertidumbre, violencia y deshumanización que vivimos, proponemos una nueva manera de ser revolucionarios, un nuevo modo de organizar el pesimismo. Proponemos otra forma de protesta creativa, proponemos la militancia poética: leer poesía, escuchar poesía, escribir poesía.</span><br />
[/et_pb_text][/et_pb_column][/et_pb_row][/et_pb_section]</p>

<p>QUIÉNES SOMOS Círculo de Poesía. Revista electrónica de literatura, la publicación especializada con mayor alcance en el mundo hispánico, y la editorial Valparaíso México, organizan anualmente, desde 2014, el Encuentro Internacional de Poesía Ciudad de México (Mexico City Poetry Festival), que reúne a algunos de los poetas y estudiosos de la poesía más prestigiosos y con [&hellip;]</p>
